{"id":3,"date":"2022-02-17T10:55:21","date_gmt":"2022-02-17T10:55:21","guid":{"rendered":"https:\/\/motorkrash.es\/?page_id=3"},"modified":"2025-11-25T00:34:27","modified_gmt":"2025-11-25T00:34:27","slug":"privacy-policy","status":"publish","type":"page","link":"https:\/\/www.motorkrash.es\/?page_id=3","title":{"rendered":"Pol\u00edtica de Privacidad"},"content":{"rendered":"\n<p><\/p>\n\n\n\n<p><strong>POL\u00cdTICA DE PROTECCI\u00d3N DE DATOS<\/strong><br>20220711<\/p>\n\n\n\n<p><br><strong>1.- Introducci\u00f3n<\/strong><br>Esta es la pol\u00edtica de privacidad de Talleres Motorkrash, S. L.. Este documento explica las<br>pol\u00edticas de esta para la recopilaci\u00f3n, el uso y la divulgaci\u00f3n de informaci\u00f3n personal y se aplica a este sitio web, a menos que se indique expresamente lo contrario.<\/p>\n\n\n\n<p><strong><br>2.- Identificaci\u00f3n del responsable del tratamiento.<\/strong><br>Talleres Motorkrash, S. L., est\u00e1 inscrita en el Registro Mercantil de Toledo, T 997 , F 184, S 8, H<br>TO 14937 y con N. I. F. B45455664. Con domicilio en Calle R\u00edo Mundo s\/n. 45007 Toledo,<br>Correo de contacto info@motorkrash.es.<\/p>\n\n\n\n<p><br><strong>3.- Informaci\u00f3n que recopilamos, c\u00f3mo la utilizamos y con que base legal.<\/strong><br>Todos los datos personales recogidos ser\u00e1n tratados para las finalidades para las que fueron<br>recogidos.<br>La informaci\u00f3n facilitada por el usuario, de forma expresa e inequ\u00edvocamente voluntaria, ser\u00e1<br>tratada con la finalidad de la ejecuci\u00f3n de un contrato, art\u00edculo 6.1.b) RGPD, la interrelaci\u00f3n<br>con el responsable, art\u00edculo 6.1.a) RGPD, en virtud de plazos de prescripci\u00f3n de<br>responsabilidades legales basados en el inter\u00e9s leg\u00edtimo de las partes, art\u00edculo 6.1.f) RGPD.<br>A trav\u00e9s de las cookies podemos mantener una relaci\u00f3n m\u00e1s personal con Vd. Consulte<br>nuestra pol\u00edtica de cookies para obtener informaci\u00f3n sobre las cookies que incorpora esta<br>web.<\/p>\n\n\n\n<p><br><strong>4.- Comunicaci\u00f3n de datos<\/strong><br>El responsable del tratamiento s\u00f3lo comunicar\u00e1 sus datos personales a empresas<br>subcontratistas y asesores profesionales, que estar\u00e1n sujetos a las obligaciones que les impone nuestro ordenamiento jur\u00eddico.<br>Tambi\u00e9n podemos revelar su informaci\u00f3n personal si la ley nos obliga a hacerlo o si usted<br>infringe nuestras condiciones de servicio.<br>Antes de llevar a cabo otras comunicaciones se le solicitar\u00e1 el consentimiento necesario.<\/p>\n\n\n\n<p><strong>5.- Transferencia internacional de datos<\/strong><br>En cualquier caso, el responsable del tratamiento no transferir\u00e1 informaci\u00f3n personal a pa\u00edses<br>fuera de la Uni\u00f3n Europea para los que la Comisi\u00f3n Europea no haya emitido una decisi\u00f3n de<br>adecuaci\u00f3n, si no se proporcionan las salvaguardas apropiadas o adecuadas. En su caso, puede ponerse en contacto con este (v\u00e9ase la informaci\u00f3n de contacto facilitada al inicio de este documento) para obtener una copia de las salvaguardias apropiadas o adecuadas previstas en relaci\u00f3n con las transferencias a pa\u00edses fuera de la Uni\u00f3n Europea.<\/p>\n\n\n\n<p><br><strong>6.- Periodo de conservaci\u00f3n<\/strong><br>Los datos de registro y contacto se mantendr\u00e1n mientras dure la relaci\u00f3n y no se solicite su<br>supresi\u00f3n.<br>Para ver la duraci\u00f3n de las cookies consulte la Pol\u00edtica de cookies.<br>No obstante, los datos podr\u00e1n ser conservados en virtud de plazos de prescripci\u00f3n de posibles<br>acciones legales entre el usuario y el responsable, para la defensa de los intereses leg\u00edtimos de las partes.<\/p>\n\n\n\n<div class=\"wp-block-group\"><div class=\"wp-block-group__inner-container is-layout-constrained wp-block-group-is-layout-constrained\">\n<p><br><strong>7.- Ejercicios de derechos<\/strong><br>Usted puede ejercitar los siguientes derechos:<br>&#8211; Derecho a retirar su consentimiento en el momento en que estime oportuno.<br>Usted puede retirar su consentimiento para el tratamiento de sus datos personales en<br>cualquier momento sin que ello afecte al tratamiento que se haya realizado con<br>anterioridad.<br>&#8211; Derecho de acceso.<br>Para conocer si el responsable del tratamiento est\u00e1 tratando o no sus datos de car\u00e1cter<br>personal.<br>&#8211; Derecho de rectificaci\u00f3n.<br>Para obtener la rectificaci\u00f3n de sus datos personales cuando sean inexactos.<br>&#8211; Derecho de supresi\u00f3n, cancelaci\u00f3n o derecho al olvido. <\/p>\n\n\n\n<p>Para solicitar la supresi\u00f3n de sus datos de car\u00e1cter personal.<br>&#8211; Derecho de oposici\u00f3n.<br>Para oponerse a que el responsable realice un tratamiento de sus datos personales.<br>Usted tiene derecho a oponerse a lo anterior y, de acuerdo con su solicitud, el<br>responsable dejar\u00e1 de procesar esta informaci\u00f3n, excepto cuando I) se traten para<br>ejecutar un contrato en vigor II) se traten para cumplir con una obligaci\u00f3n legal III) se<br>pueda demostrar motivos leg\u00edtimos convincentes para el procesamiento que<br>prevalezcan sobre sus intereses, derechos y libertades; o IV) sea necesario para el<br>establecimiento, ejercicio o defensa de reclamaciones legales.<br>&#8211; Derecho de limitaci\u00f3n de su tratamiento.<br>Para limitar el tratamiento de sus datos personales por parte del responsable del<br>tratamiento.<br>&#8211; Derecho de portabilidad.<br>Para recibir sus datos personales en un formato estructurado y transmitirlos a otro<br>responsable del tratamiento.<br>&#8211; Derecho a que no ser objeto de una decisi\u00f3n basada en un tratamiento automatizado.<br>Para que no se puedan realizar perfiles con sus datos o tomar decisiones basadas<br>\u00fanicamente en tratamientos automatizados.<br>C\u00f3mo puede retirar su consentimiento<br>Si ha dado su consentimiento para el tratamiento de sus datos personales, puede retirarlo en<br>cualquier momento poni\u00e9ndose en contacto con nosotros mediante las opciones que se<br>mencionan al final de este documento. En tal caso, el responsable del tratamiento podr\u00e1<br>exigirle que acredite su identidad antes de registrar dicha retirada. La retirada de su<br>consentimiento tendr\u00e1 efecto a partir de ese momento y no podr\u00e1 afectar a la legalidad del<br>tratamiento basado en su consentimiento antes de dicha retirada.<br>De conformidad con lo dispuesto en el art\u00edculo 21.2 LSSICE, si no desea recibir esta<br>informaci\u00f3n puede darse de baja en cualquiera de las direcciones de correo facilitadas,<br>indicando: baja comunicaciones.<\/p>\n<\/div><\/div>\n\n\n\n<p><strong>8.- Medidas de seguridad<\/strong><\/p>\n\n\n\n<p>El responsable ha adoptado las medidas de \u00edndole t\u00e9cnica y organizativa necesarias para<br>garantizar la seguridad de los datos de car\u00e1cter personal y para evitar su alteraci\u00f3n, p\u00e9rdida,<br>tratamiento o acceso no autorizado, habida cuenta del estado de la tecnolog\u00eda, la naturaleza<br>de los datos y los riesgos a los que est\u00e1n expuestos.<br>La P\u00e1gina dispone del Certificado SSL (Secure Socket Layer), con la finalidad de garantizar la<br>seguridad en la transmisi\u00f3n de datos entre su navegador y nuestra P\u00e1gina.<\/p>\n\n\n\n<p><br><strong>9.- Cambios en la Pol\u00edtica de Protecci\u00f3n de Datos<\/strong><br>El responsable del tratamiento puede modificar esta Pol\u00edtica de privacidad sin notificaci\u00f3n<br>previa, por lo que le rogamos que la revise con frecuencia. Si dichas modificaciones afectan al<br>modo en que estos utilizan o divulgan la informaci\u00f3n personal que ya tiene en su poder de<br>forma sustancial, se le pedir\u00e1 que acepte la nueva versi\u00f3n de esta Pol\u00edtica de privacidad una<br>vez modificada. Los cambios y aclaraciones entrar\u00e1n en vigor inmediatamente despu\u00e9s de su<br>primer uso de nuestro sitio web tras su publicaci\u00f3n en el mismo.<\/p>\n\n\n\n<p><br><strong>10.- Contacte con nosotros<\/strong><br>Si desea: acceder, corregir, modificar o eliminar cualquier informaci\u00f3n personal que tengamos sobre usted, registrar una queja, o simplemente desear m\u00e1s informaci\u00f3n comunique con el responsable del tratamiento en las direcciones citadas al inicio de este documento.<br>En el caso de que lo considere oportuno, puede presentar reclamaci\u00f3n ante la Agencia<br>Espa\u00f1ola de Protecci\u00f3n de Datos, como Autoridad de Control. www.aepd.es<\/p>\n","protected":false},"excerpt":{"rendered":"<p>POL\u00cdTICA DE PROTECCI\u00d3N DE DATOS20220711 1.- Introducci\u00f3nEsta es la pol\u00edtica de privacidad de Talleres Motorkrash, S. L.. Este documento explica laspol\u00edticas de esta para la recopilaci\u00f3n, el uso y la divulgaci\u00f3n de informaci\u00f3n personal y se aplica a este sitio web, a menos que se &hellip; <a href=\"https:\/\/www.motorkrash.es\/?page_id=3\" class=\"more-link\"><span>Seguir leyendo<span class=\"screen-reader-text\">Pol\u00edtica de Privacidad<\/span><\/span><\/a><\/p>\n","protected":false},"author":1,"featured_media":0,"parent":0,"menu_order":0,"comment_status":"closed","ping_status":"open","template":"","meta":{"footnotes":""},"class_list":["post-3","page","type-page","status-publish","hentry"],"_links":{"self":[{"href":"https:\/\/www.motorkrash.es\/index.php?rest_route=\/wp\/v2\/pages\/3","targetHints":{"allow":["GET"]}}],"collection":[{"href":"https:\/\/www.motorkrash.es\/index.php?rest_route=\/wp\/v2\/pages"}],"about":[{"href":"https:\/\/www.motorkrash.es\/index.php?rest_route=\/wp\/v2\/types\/page"}],"author":[{"embeddable":true,"href":"https:\/\/www.motorkrash.es\/index.php?rest_route=\/wp\/v2\/users\/1"}],"replies":[{"embeddable":true,"href":"https:\/\/www.motorkrash.es\/index.php?rest_route=%2Fwp%2Fv2%2Fcomments&post=3"}],"version-history":[{"count":2,"href":"https:\/\/www.motorkrash.es\/index.php?rest_route=\/wp\/v2\/pages\/3\/revisions"}],"predecessor-version":[{"id":2039,"href":"https:\/\/www.motorkrash.es\/index.php?rest_route=\/wp\/v2\/pages\/3\/revisions\/2039"}],"wp:attachment":[{"href":"https:\/\/www.motorkrash.es\/index.php?rest_route=%2Fwp%2Fv2%2Fmedia&parent=3"}],"curies":[{"name":"wp","href":"https:\/\/api.w.org\/{rel}","templated":true}]}}

Política de Privacidad

<p></p>



<p><strong>POLÍTICA DE PROTECCIÓN DE DATOS</strong><br>20220711</p>



<p><br><strong>1.- Introducción</strong><br>Esta es la política de privacidad de Talleres Motorkrash, S. L.. Este documento explica las<br>políticas de esta para la recopilación, el uso y la divulgación de información personal y se aplica a este sitio web, a menos que se indique expresamente lo contrario.</p>



<p><strong><br>2.- Identificación del responsable del tratamiento.</strong><br>Talleres Motorkrash, S. L., está inscrita en el Registro Mercantil de Toledo, T 997 , F 184, S 8, H<br>TO 14937 y con N. I. F. B45455664. Con domicilio en Calle Río Mundo s/n. 45007 Toledo,<br>Correo de contacto info@motorkrash.es.</p>



<p><br><strong>3.- Información que recopilamos, cómo la utilizamos y con que base legal.</strong><br>Todos los datos personales recogidos serán tratados para las finalidades para las que fueron<br>recogidos.<br>La información facilitada por el usuario, de forma expresa e inequívocamente voluntaria, será<br>tratada con la finalidad de la ejecución de un contrato, artículo 6.1.b) RGPD, la interrelación<br>con el responsable, artículo 6.1.a) RGPD, en virtud de plazos de prescripción de<br>responsabilidades legales basados en el interés legítimo de las partes, artículo 6.1.f) RGPD.<br>A través de las cookies podemos mantener una relación más personal con Vd. Consulte<br>nuestra política de cookies para obtener información sobre las cookies que incorpora esta<br>web.</p>



<p><br><strong>4.- Comunicación de datos</strong><br>El responsable del tratamiento sólo comunicará sus datos personales a empresas<br>subcontratistas y asesores profesionales, que estarán sujetos a las obligaciones que les impone nuestro ordenamiento jurídico.<br>También podemos revelar su información personal si la ley nos obliga a hacerlo o si usted<br>infringe nuestras condiciones de servicio.<br>Antes de llevar a cabo otras comunicaciones se le solicitará el consentimiento necesario.</p>



<p><strong>5.- Transferencia internacional de datos</strong><br>En cualquier caso, el responsable del tratamiento no transferirá información personal a países<br>fuera de la Unión Europea para los que la Comisión Europea no haya emitido una decisión de<br>adecuación, si no se proporcionan las salvaguardas apropiadas o adecuadas. En su caso, puede ponerse en contacto con este (véase la información de contacto facilitada al inicio de este documento) para obtener una copia de las salvaguardias apropiadas o adecuadas previstas en relación con las transferencias a países fuera de la Unión Europea.</p>



<p><br><strong>6.- Periodo de conservación</strong><br>Los datos de registro y contacto se mantendrán mientras dure la relación y no se solicite su<br>supresión.<br>Para ver la duración de las cookies consulte la Política de cookies.<br>No obstante, los datos podrán ser conservados en virtud de plazos de prescripción de posibles<br>acciones legales entre el usuario y el responsable, para la defensa de los intereses legítimos de las partes.</p>



<div class="wp-block-group"><div class="wp-block-group__inner-container is-layout-constrained wp-block-group-is-layout-constrained">
<p><br><strong>7.- Ejercicios de derechos</strong><br>Usted puede ejercitar los siguientes derechos:<br>&#8211; Derecho a retirar su consentimiento en el momento en que estime oportuno.<br>Usted puede retirar su consentimiento para el tratamiento de sus datos personales en<br>cualquier momento sin que ello afecte al tratamiento que se haya realizado con<br>anterioridad.<br>&#8211; Derecho de acceso.<br>Para conocer si el responsable del tratamiento está tratando o no sus datos de carácter<br>personal.<br>&#8211; Derecho de rectificación.<br>Para obtener la rectificación de sus datos personales cuando sean inexactos.<br>&#8211; Derecho de supresión, cancelación o derecho al olvido. </p>



<p>Para solicitar la supresión de sus datos de carácter personal.<br>&#8211; Derecho de oposición.<br>Para oponerse a que el responsable realice un tratamiento de sus datos personales.<br>Usted tiene derecho a oponerse a lo anterior y, de acuerdo con su solicitud, el<br>responsable dejará de procesar esta información, excepto cuando I) se traten para<br>ejecutar un contrato en vigor II) se traten para cumplir con una obligación legal III) se<br>pueda demostrar motivos legítimos convincentes para el procesamiento que<br>prevalezcan sobre sus intereses, derechos y libertades; o IV) sea necesario para el<br>establecimiento, ejercicio o defensa de reclamaciones legales.<br>&#8211; Derecho de limitación de su tratamiento.<br>Para limitar el tratamiento de sus datos personales por parte del responsable del<br>tratamiento.<br>&#8211; Derecho de portabilidad.<br>Para recibir sus datos personales en un formato estructurado y transmitirlos a otro<br>responsable del tratamiento.<br>&#8211; Derecho a que no ser objeto de una decisión basada en un tratamiento automatizado.<br>Para que no se puedan realizar perfiles con sus datos o tomar decisiones basadas<br>únicamente en tratamientos automatizados.<br>Cómo puede retirar su consentimiento<br>Si ha dado su consentimiento para el tratamiento de sus datos personales, puede retirarlo en<br>cualquier momento poniéndose en contacto con nosotros mediante las opciones que se<br>mencionan al final de este documento. En tal caso, el responsable del tratamiento podrá<br>exigirle que acredite su identidad antes de registrar dicha retirada. La retirada de su<br>consentimiento tendrá efecto a partir de ese momento y no podrá afectar a la legalidad del<br>tratamiento basado en su consentimiento antes de dicha retirada.<br>De conformidad con lo dispuesto en el artículo 21.2 LSSICE, si no desea recibir esta<br>información puede darse de baja en cualquiera de las direcciones de correo facilitadas,<br>indicando: baja comunicaciones.</p>
</div></div>



<p><strong>8.- Medidas de seguridad</strong></p>



<p>El responsable ha adoptado las medidas de índole técnica y organizativa necesarias para<br>garantizar la seguridad de los datos de carácter personal y para evitar su alteración, pérdida,<br>tratamiento o acceso no autorizado, habida cuenta del estado de la tecnología, la naturaleza<br>de los datos y los riesgos a los que están expuestos.<br>La Página dispone del Certificado SSL (Secure Socket Layer), con la finalidad de garantizar la<br>seguridad en la transmisión de datos entre su navegador y nuestra Página.</p>



<p><br><strong>9.- Cambios en la Política de Protección de Datos</strong><br>El responsable del tratamiento puede modificar esta Política de privacidad sin notificación<br>previa, por lo que le rogamos que la revise con frecuencia. Si dichas modificaciones afectan al<br>modo en que estos utilizan o divulgan la información personal que ya tiene en su poder de<br>forma sustancial, se le pedirá que acepte la nueva versión de esta Política de privacidad una<br>vez modificada. Los cambios y aclaraciones entrarán en vigor inmediatamente después de su<br>primer uso de nuestro sitio web tras su publicación en el mismo.</p>



<p><br><strong>10.- Contacte con nosotros</strong><br>Si desea: acceder, corregir, modificar o eliminar cualquier información personal que tengamos sobre usted, registrar una queja, o simplemente desear más información comunique con el responsable del tratamiento en las direcciones citadas al inicio de este documento.<br>En el caso de que lo considere oportuno, puede presentar reclamación ante la Agencia<br>Española de Protección de Datos, como Autoridad de Control. www.aepd.es</p>

<p>POLÍTICA DE PROTECCIÓN DE DATOS20220711 1.- IntroducciónEsta es la política de privacidad de Talleres Motorkrash, S. L.. Este documento explica laspolíticas de esta para la recopilación, el uso y la divulgación de información personal y se aplica a este sitio web, a menos que se &hellip; <a href="https://www.motorkrash.es/?page_id=3" class="more-link"><span>Seguir leyendo<span class="screen-reader-text">Política de Privacidad</span></span></a></p>
